64747 a composite number?
True
Is 44283427 a prime number?
True
Is 18458339 composite?
False
Is 590481913 composite?
True
Is 2986031 a composite number?
False
Is 4724429 prime?
True
Is 2063333 a composite number?
True
Is 755143 prime?
True
Is 3451603 a composite number?
False
Is 411112789 prime?
False
Is 104009 a prime number?
True
Is 105929357 prime?
True
Is 17892299 a prime number?
True
Is 202032167 a prime number?
True
Is 2507177 a prime number?
False
Is 45039703 a composite number?
False
Is 26310829 composite?
False
Is 251348089 a prime number?
False
Is 205127459 prime?
True
Is 8442947 a composite number?
False
Is 237467 prime?
True
Is 11585927 prime?
True
Is 27295397 prime?
False
Is 69402809 composite?
True
Is 67704577 a composite number?
False
Is 29259017 a composite number?
True
Is 4016317 a prime number?
True
Is 2255797 composite?
False
Is 1322463 a prime number?
False
Is 453745 a composite number?
True
Is 3629303 a prime number?
True
Is 385523591 prime?
False
Is 2619713 a prime number?
False
Is 26751317 a composite number?
False
Is 58228949 prime?
True
Is 66916931 a prime number?
False
Is 4614809 a prime number?
True
Is 20727562 a prime number?
False
Is 6836537 a prime number?
False
Is 2773427 a prime number?
False
Is 68233397 composite?
False
Is 14325527 composite?
True
Is 828101 a prime number?
True
Is 362983 a composite number?
False
Is 15200449 a composite number?
True
Is 38529263 a prime number?
True
Is 28971127 a composite number?
False
Is 1183717 a prime number?
False
Is 421788439 prime?
True
Is 1660871 composite?
False
Is 15033919 prime?
False
Is 3063827 a prime number?
False
Is 71357863 a composite number?
True
Is 13065329 composite?
True
Is 678523 composite?
True
Is 78354827 a prime number?
True
Is 235300717 a composite number?
True
Is 2372179 a composite number?
False
Is 76406741 prime?
False
Is 16250587 composite?
True
Is 2842705 a prime number?
False
Is 2474431 prime?
True
Is 1178801 a composite number?
True
Is 251492963 a composite number?
False
Is 157641061 a composite number?
True
Is 23193773 prime?
False
Is 31714117 composite?
False
Is 11388067 prime?
False
Is 4362451 composite?
False
Is 2339711 a prime number?
False
Is 88597297 a composite number?
False
Is 738889 composite?
False
Is 29645309 a composite number?
False
Is 22758938 a composite number?
True
Is 338332367 prime?
False
Is 180949 composite?
False
Is 88506071 a composite number?
True
Is 53318041 a prime number?
False
Is 22614629 composite?
False
Is 22115683 a composite number?
True
Is 55749449 a composite number?
True
Is 838165 a composite number?
True
Is 12233983 prime?
False
Is 13760791 composite?
True
Is 30862823 a prime number?
False
Is 80297543 a prime number?
False
Is 861337 a composite number?
True
Is 264263 composite?
False
Is 14037521 composite?
True
Is 10767103 a prime number?
False
Is 83969 composite?
False
Is 1290931 a composite number?
True
Is 53748617 a prime number?
False
Is 10550477 composite?
True
Is 403597 a prime number?
False
Is 169707607 a prime number?
True
Is 2794391 a composite number?
True
Is 3830177 composite?
True
Is 255891491 composite?
True
Is 603005395 a composite number?
True
Is 21898993 a composite number?
False
Is 84688127 prime?
True
Is 305654005 prime?
False
Is 23750121 composite?
True
Is 13361027 a composite number?
False
Is 577496011 composite?
False
Is 138493007 prime?
True
Is 57594439 prime?
False
Is 624859171 a composite number?
False
Is 3583301 a prime number?
False
Is 120287 prime?
False
Is 5291299 composite?
True
Is 246406451 a composite number?
True
Is 29750009 a prime number?
True
Is 54600163 a composite number?
False
Is 8363431 prime?
True
Is 13816259 prime?
True
Is 11207467 composite?
False
Is 4048177 prime?
False
Is 11723941 a prime number?
True
Is 299498701 a composite number?
True
Is 2811863 a prime number?
True
Is 6273761 prime?
False
Is 45484301 a prime number?
True
Is 3817039 a prime number?
True
Is 20890757 a composite number?
False
Is 532314181 a prime number?
False
Is 430241 a prime number?
False
Is 140022409 prime?
True
Is 6088619 prime?
False
Is 8055937 a prime number?
True
Is 2316863 composite?
False
Is 61445357 a composite number?
True
Is 1297672637 a prime number?
True
Is 8122321 composite?
True
Is 1121326669 prime?
True
Is 12994297 composite?
False
Is 3015343 a composite number?
False
Is 10574167 a prime number?
False
Is 8170901 a prime number?
True
Is 14394613 a prime number?
True
Is 11863 a composite number?
False
Is 128566 a composite number?
True
Is 28305059 prime?
False
Is 11079897 a prime number?
False
Is 1743853 prime?
False
Is 45489127 a composite number?
True
Is 5210533 prime?
False
Is 20407 composite?
False
Is 50049443 a prime number?
True
Is 168203107 a prime number?
True
Is 17424145 composite?
True
Is 2159813 a composite number?
True
Is 232561081 a prime number?
False
Is 4935011 a composite number?
False
Is 6224641 a composite number?
True
Is 1846063 prime?
True
Is 38936489 a composite number?
False
Is 3786241 a prime number?
True
Is 41954513 prime?
True
Is 24580991 a prime number?
True
Is 3783151 a composite number?
True
Is 174283106 prime?
False
Is 142897823 a prime number?
False
Is 12303766 composite?
True
Is 4434629 a composite number?
False
Is 117534581 prime?
False
Is 542847 composite?
True
Is 1761923 a composite number?
True
Is 8842793 prime?
True
Is 297190297 a composite number?
False
Is 11159299 composite?
True
Is 78211591 composite?
True
Is 2711197 prime?
True
Is 207733219 prime?
True
Is 190685093 a composite number?
True
Is 2643001 composite?
True
Is 30902201 prime?
False
Is 2046853 a prime number?
True
Is 17142823 a prime number?
False
Is 132531559 a prime number?
False
Is 16689845 prime?
False
Is 612121 prime?
False
Is 489691786 a composite number?
True
Is 20285 a prime number?
False
Is 921130777 prime?
False
Is 153238341 a prime number?
False
Is 1833059 composite?
True
Is 215827111 composite?
True
Is 4463539 a composite number?
False
Is 4862699 prime?
True
Is 6351689 a prime number?
False
Is 4188061 prime?
False
Is 16200829 prime?
True
Is 2637114401 a prime number?
True
Is 21261593 composite?
False
Is 19319449 prime?
False
Is 1873831 composite?
False
Is 52828311 composite?
True
Is 135855037 composite?
True
Is 13412534 a composite number?
True
Is 1849381 a composite number?
False
Is 16086997 prime?
False
Is 1872433 prime?
False
Is 187551649 a prime number?
False
Is 31867369 composite?
True
Is 21601171 composite?
False
Is 262778959 composite?
True
Is 39870437 a prime number?
True
Is 558083 a composite number?
False
Is 7166209 prime?
True
Is 6116231 composite?
True
Is 167090645 composite?
True
Is 5285509 a composite number?
False
Is 21112003 prime?
False
Is 2636974 a composite number?
True
Is 1827706 a prime number?
False
Is 14204257 prime?
True
Is 78367169 composite?
False
Is 973267 a composite number?
True
Is 212607167 a prime number?
True
Is 6449665 prime?
False
Is 5996129 a prime number?
True
Is 2453669 prime?
False
Is 102142247 a prime number?
True
Is 11411513 prime?
False
Is 372318283 prime?
True
Is 15629294 a prime number?
False
Is 283859 a prime number?
True
Is 2779761 a composite number?
True
Is 6523373 a prime number?
True
Is 164031983 a prime number?
True
Is 245251 a composite number?
False
Is 83795 prime?
False
Is 20332547 composite?
False
Is 7505419 composite?
True
Is 79138441 composite?
False
Is 20180477 a prime number?
True
Is 21570379 a composite number?
False
Is 3228697 prime?
False
Is 44091041 composite?
False
Is 4031803 a prime number?
True
Is 9667583 prime?
True
Is 3236419 a composite number?
True
Is 613549 a composite number?
False
Is 169779029 prime?
False
Is 41458981 composite?
True
Is 98052869 a prime number?
True
Is 1565545 prime?
False
Is 20467451 composite?
True
Is 18632077 prime?
True
Is 36518539 a prime number?
True
Is 298559 a prime number?
True
Is 16354243 a composite number?
False
Is 5513513 composite?
False
Is 97287317 prime?
False
Is 304625257 a prime number?
True
Is 94586423 composite?
False
Is 3692701 prime?
True
Is 7438567 composite?
False
Is 28209397 a composite number?
False
Is 15312091 a composite number?
False
Is 3931679 a prime number?
False
Is 454603 a composite number?
False
Is 2233373 a composite number?
False
Is 26322521 prim